eatest common divisor of 4430030 and 25235?
515
Calculate the greatest common divisor of 3096 and 645129.
387
Calculate the greatest common factor of 1039780 and 360.
20
What is the greatest common factor of 416 and 900208?
16
What is the highest common divisor of 9580202 and 787456?
1538
What is the highest common divisor of 10495295 and 255?
5
What is the greatest common divisor of 8236197 and 1174?
587
What is the greatest common factor of 247666845 and 1503?
501
What is the highest common factor of 136 and 8357032?
8
Calculate the greatest common factor of 5208 and 59923.
31
What is the highest common divisor of 15553 and 454436?
103
Calculate the highest common divisor of 8606 and 346200182.
662
Calculate the greatest common factor of 24917508 and 14.
14
Calculate the greatest common factor of 74691813 and 63.
21
What is the greatest common divisor of 28055 and 69665?
5
What is the highest common factor of 76527 and 35838?
99
What is the highest common factor of 144 and 19928?
8
Calculate the greatest common factor of 4433 and 1071356.
143
Calculate the greatest common factor of 748498555 and 3490.
1745
Calculate the greatest common divisor of 317130 and 1705620.
930
What is the greatest common factor of 1017036650 and 42?
14
What is the highest common divisor of 1997568 and 152388?
1836
What is the greatest common divisor of 51225 and 1022451?
2049
What is the greatest common factor of 60306 and 27759988?
874
What is the greatest common divisor of 68177430 and 90?
90
What is the greatest common divisor of 2923 and 72742?
37
What is the highest common divisor of 25 and 1261676575?
25
Calculate the greatest common factor of 1194 and 528429774.
1194
What is the highest common divisor of 541240 and 129080?
280
What is the greatest common divisor of 106932 and 2916?
12
What is the greatest common divisor of 38461197 and 8733?
213
What is the greatest common factor of 518262156 and 87714?
7974
Calculate the greatest common divisor of 690940675 and 25.
25
What is the greatest common factor of 319693121 and 11?
11
What is the greatest common divisor of 3746820 and 545160?
4620
What is the highest common divisor of 231 and 504427?
77
What is the highest common divisor of 6684 and 438348?
12
What is the highest common factor of 128722 and 15224?
22
What is the highest common divisor of 281387 and 3115934?
899
What is the greatest common divisor of 819 and 508797?
9
Calculate the greatest common factor of 1378 and 83902975.
689
Calculate the greatest common factor of 5 and 272831660.
5
Calculate the highest common divisor of 75174 and 31713.
33
What is the greatest common divisor of 2048 and 16994?
2
What is the highest common divisor of 126431 and 49519?
23
What is the highest common factor of 147 and 1648801?
49
What is the greatest common divisor of 31578 and 4237?
19
Calculate the greatest common factor of 3339 and 12172881.
1113
What is the highest common factor of 33850 and 81025?
25
Calculate the highest common divisor of 40712 and 5103.
7
What is the highest common factor of 21435025 and 925?
925
What is the highest common divisor of 514119 and 5957?
23
Calculate the highest common divisor of 10762597 and 222.
37
Calculate the highest common divisor of 549 and 36976553.
61
Calculate the greatest common divisor of 328141 and 4807.
253
Calculate the highest common divisor of 1475 and 795335.
5
Calculate the greatest common divisor of 7350 and 7251510.
1470
What is the highest common factor of 656 and 18713384?
328
What is the highest common factor of 1072644 and 684?
12
Calculate the greatest common divisor of 127542 and 7134.
174
Calculate the greatest common factor of 2270994 and 5643.
627
Calculate the highest common divisor of 41 and 119953.
1
What is the greatest common divisor of 475128 and 5706?
18
Calculate the highest common divisor of 2802129 and 3003.
33
Calculate the greatest common divisor of 969108 and 138942.
498
Calculate the greatest common divisor of 898908 and 2768.
692
Calculate the highest common factor of 289107 and 4977.
63
Calculate the greatest common factor of 34336 and 1831408.
464
What is the greatest common factor of 5025 and 680385?
1005
Calculate the highest common factor of 99 and 12666731.
11
Calculate the greatest common factor of 108723 and 393.
3
Calculate the greatest common factor of 424210480 and 6096.
2032
Calculate the highest common factor of 336038219 and 11.
11
Calculate the greatest common factor of 34287720 and 105.
15
Calculate the highest common divisor of 176 and 1619368.
8
What is the highest common divisor of 87979 and 2744033?
97
What is the highest common factor of 1317373 and 2644?
661
What is the highest common factor of 376836 and 48081?
93
What is the highest common divisor of 101310113 and 568?
71
Calculate the highest common divisor of 31801 and 805805.
539
What is the highest common divisor of 3285415 and 11340?
35
What is the greatest common factor of 2325093 and 13110?
69
Calculate the greatest common factor of 1120240 and 2177500.
1340
What is the greatest common divisor of 55161507 and 366?
183
What is the highest common divisor of 17922 and 381306?
618
What is the highest common divisor of 17859477 and 11316?
2829
What is the highest common divisor of 27861 and 4777588?
37
Calculate the highest common factor of 3388 and 98344.
4
What is the greatest common divisor of 75143244 and 3?
3
Calculate the greatest common divisor of 105210 and 44583322.
2338
Calculate the highest common divisor of 452 and 76918.
2
Calculate the highest common divisor of 299 and 447707.
13
What is the highest common divisor of 18414 and 31570?
22
What is the highest common divisor of 50755518 and 22?
22
What is the greatest common divisor of 2565276 and 464?
4
Calculate the highest common divisor of 441 and 20138580.
63
Calculate the highest common divisor of 170979975 and 225.
225
What is the greatest common factor of 204234624 and 9856?
1408
What is the greatest common divisor of 8385 and 178532302?
559
What is the highest common divisor of 785 and 199345?
5
Calculate the greatest common divisor of 376898 and 7998.
62
Calculate the greatest common divisor of 531 and 81235566.
531
Calculate the greatest common divisor of 985 and 5946839.
197
Calculate the highest common factor of 629669 and 2816127.
3863
What is the greatest common divisor of 19544964 and 12?
12
What is the greatest common factor of 8437850 and 5994?
74
Calculate the highest common divisor of 559551384 and 41790.
8358
Calculate the greatest common divisor of 1697490 and 5130.
270
What is the highest common divisor of 29698940 and 20?
20
Calculate the greatest common factor of 320925 and 16302.
33
What is the highest common factor of 348206 and 105700?
302
Calculate the greatest common divisor of 22685376 and 1680.
336
Calculate the highest common divisor of 6248479 and 10156.
2539
Calculate the greatest common divisor of 50880657 and 9615.
1923
What is the highest common divisor of 11412 and 229536?
36
What is the highest common divisor of 30595454 and 796?
398
Calculate the highest common divisor of 8068 and 5226047.
2017
What is the highest common divisor of 1088945 and 385?
55
What is the highest common factor of 152309 and 5464?
683
What is the highest common divisor of 32 and 3899552?
32
What is the highest common divisor of 155 and 47200135?
155
What is the highest common divisor of 1798 and 3332506?
58
Calculate the highest common factor of 330 and 1527648540.
330
Calculate the highest common factor of 24038 and 5822852.
1414
Calculate the greatest common divisor of 3027592 and 32.
8
What is the highest common divisor of 21 and 108078?
3
What is the highest common factor of 1903955 and 104545?
515
Calculate the greatest common factor of 3360 and 9178290.
30
What is the highest common factor of 100 and 51998100?
100
What is the highest common factor of 98 and 329437682?
98
Calculate the greatest common factor of 57 and 61338.
3
What is the highest common divisor of 4244304 and 15576?
24
Calculate the greatest common factor of 84 and 345937.
1
What is the greatest common divisor of 265 and 282914?
53
What is the greatest common factor of 25874 and 78?
2
What is the greatest common divisor of 24107990 and 590?
590
What is the h